n factor of s and 650?
26
Let k be (-4 + -6)*366*1/(-4). Let b(v) = -8*v - 409. Let x be b(-53). What is the highest common divisor of k and x?
15
Let t(r) = 4*r**2 - r - 348. Let b be t(10). What is the greatest common factor of b and 11382?
42
Let j(a) = 182*a**2 - 6*a + 6. Let i be j(1). Let g = i - 107. What is the highest common factor of 30 and g?
15
Let j(h) = -7*h - 138. Let d be j(-20). Suppose -d*n + 113 = 19. Calculate the highest common factor of n and 235.
47
Let b(v) = 8*v + 7. Let f be b(-10). Let s = f + 118. What is the highest common factor of s and 180?
45
Let l = -15 + 27. Suppose -3*b + 2*b = l. Let t = b - -26. Calculate the greatest common divisor of 35 and t.
7
Suppose -2*t + 4*t - 204 = 0. Let d = 85 + t. Let x be ((-27)/(-15))/3*4080/144. Calculate the greatest common factor of d and x.
17
Suppose 4*c + 4*b = 260, -c - 588*b + 45 = -591*b. Calculate the greatest common divisor of 2550 and c.
30
Suppose -931*q + 728 = -924*q. Suppose -3*a = 3*b - 15, -52 = -3*b - 2*b + 4*a. Calculate the greatest common factor of q and b.
8
Suppose -2*a = 6 + 6. Suppose -34 = z - 45. Let w be (-4)/(12/z)*a + 1. Calculate the greatest common divisor of 184 and w.
23
Let o be (84/18)/(10/4515). Calculate the highest common factor of o and 147.
49
Let n be ((-4)/(-3)*(-2268)/(-140))/(4/60). Let s(o) = o**2 + 5*o. Let i be s(4). What is the greatest common factor of i and n?
36
Let z be 10 + 6/(-6)*4 - 0. Let t = -330 - -560. Suppose d - 2*o = z*d - t, -4*o - 212 = -4*d. What is the highest common divisor of 16 and d?
16
Let r(u) = 6*u**2 + 16*u + 38. Let x be r(8). Let p = -531 + x. Calculate the greatest common factor of 209 and p.
19
Let r(v) = -v**3 + 8*v**2 + 7*v - 44. Let a be r(8). Let c(w) = w**3 - 13*w**2 + 18*w - 48. Let t be c(a). What is the greatest common factor of t and 276?
12
Suppose 2*g + 4 = 0, 60*p = 63*p - 2*g - 2134. What is the highest common factor of p and 200?
10
Let n = 9 - -2. Let z = 10383 + -10350. Calculate the greatest common divisor of z and n.
11
Let s = 5717 - 5063. Calculate the highest common divisor of 1199 and s.
109
Suppose 0 = 4*n - 4*u + 208, -4*n = -3*n + 5*u + 52. Let j = 29 - n. What is the greatest common factor of j and 3?
3
Let p = 8537 + -8432. Suppose 0 = 2*d + d - 135. What is the greatest common divisor of d and p?
15
Suppose 29545 = 5*c - 3*l - 51150, c - 5*l = 16117. What is the greatest common divisor of c and 14?
14
Suppose 5*s - 31 = 19. Let o = -406 - -280. Let q be 7*(8/36 - 512/o). Calculate the greatest common factor of s and q.
10
Let h be (-12)/(-3)*-1 - -8. Suppose 3*f - w = -f + 3, -5*w + 17 = -h*f. What is the highest common factor of 3 and f?
1
Suppose 8 = 2*n, -4*n - 3 + 47 = i. Suppose 3*q - 32 = i. Suppose -3*t + q = -4. Calculate the greatest common factor of 32 and t.
8
Suppose 0 = m + 3, 8*m - 5*m = -2*l + 41. Suppose -23*c = -16*c - 42. Suppose 18 + 732 = c*v. What is the highest common divisor of l and v?
25
Let h be -2*12*1/(-1). Let a(o) = o**2 - 10*o + 13. Let c be a(9). Let f be (-2)/4 - c/((-16)/674). What is the highest common divisor of h and f?
24
Suppose -1 = -2*f - 167. Let q = f + 85. Let d be (1*-27)/(3/(-2)). Calculate the greatest common divisor of q and d.
2
Suppose 0 = 2*g + 10 - 2. Let y be (-80)/(-36) + g/18. Suppose 44 = l - 4*s + y*s, -20 = 5*s. Calculate the highest common factor of l and 18.
18
Suppose 3*h - 11775 = i, 6*i - 8*i = -5*h + 19624. Calculate the highest common divisor of 26 and h.
26
Let b = -3019 - -6423. Let q = 413 + b. Let t be (-10)/(-4) - q/(-22). Calculate the greatest common divisor of 16 and t.
16
Let q be 2/3 - 57/(-9) - 2. Suppose 4*x = 4*y + 320, 5*x - q*y - 315 = x. Calculate the highest common factor of 119 and x.
17
Let s(p) = p**3 + 23*p**2 + 20*p - 9. Suppose 0 = w + 4*u + 30, 5*u = 2*w + 4*u + 42. Let g be s(w). What is the highest common factor of g and 7?
7
Let p(v) = 2*v**2 - 15*v**2 - 2*v**2 - 9*v - v**3. Let f be (-50 - -5)*(-4)/(-12). Let o be p(f). Calculate the highest common divisor of 27 and o.
27
Suppose 0 = -4*w + 14 + 42. Let o be -1 - ((-382)/w + 2/7). What is the highest common factor of o and 26?
26
Suppose -1077*z + 1078*z = -2*b + 50577, b - 25284 = 4*z. What is the highest common factor of 232 and b?
232
Let m be (-34)/85 + 1094/10. Let d = 114 - m. Suppose -4*o + 5*o + d*l = 145, 281 = 2*o + l. Calculate the highest common factor of 28 and o.
28
Suppose 4*h - 1938 = -3*o - 655, 0 = 5*o + 3*h - 2164. Calculate the highest common divisor of o and 253.
23
Suppose 878 = 3*x - 517. Let z(k) = 239*k + 9985. Let n be z(-41). Calculate the greatest common divisor of n and x.
93
Suppose 0 = y + 5*z - 83, -2*y + 0*z + 166 = -4*z. Suppose 449 = 7*q - y. Let c be q/3 + 2/3. What is the greatest common factor of 26 and c?
26
Let x(y) = -2*y**3 + 11*y**2 + y - 13. Let h be x(5). Let n(p) = -2*p**3 + 38*p**2 - 63*p - 22. Let o be n(h). What is the greatest common factor of o and 189?
63
Let b(m) be the first derivative of -m**4 - m**3 - m**2 + 3. Let l be b(-1). Suppose 19*g - 30 = 9*g. What is the greatest common divisor of g and l?
3
Suppose -u + 5*b = 4*u + 10, 4*u + 4*b = 0. Let h be -28 + 48 - (u - -3). Calculate the highest common factor of h and 8.
2
Let h = -6408 - -9790. What is the highest common divisor of 801 and h?
89
Let u = 10 + -15. Let b be ((-26)/(-8) + -3)*(u - -13). Calculate the highest common divisor of b and 6.
2
Let w = -16 - 6. Let d be w/18 + 1 + 2/9. Let o = 91 + d. Calculate the greatest common divisor of o and 7.
7
Suppose -612278 = -84*d - 383482 + 537704. Calculate the greatest common factor of 73 and d.
73
Suppose 106*r + 0*r - 1044 = 1606. Calculate the highest common factor of r and 1835.
5
Let n(x) = -6*x**3 + 88*x**2 + 31*x + 63. Let c be n(15). What is the highest common factor of c and 66?
6
Let z be 5 - (6 - 4) - -226. Let d = z + -85. Let a be d/(-27)*(-3)/2. Calculate the highest common factor of a and 8.
8
Let t(p) = -2*p**3 - 67*p**2 + 35*p + 98. Let d be t(-34). Let x be 26 - 7/((-56)/d). What is the highest common factor of 782 and x?
34
Let a be 295 - 12*(-1)/(-3). Let r = -284 + a. What is the highest common divisor of r and 112?
7
Suppose 5*y = 2*w - 873, -y - w = -6*y - 874. Let i = 46 + y. Let l = i + 183. What is the highest common factor of l and 6?
6
Let t = -4367 - -4463. What is the highest common factor of t and 1376?
32
Let s(q) = q - 15. Let z be s(30). Calculate the highest common divisor of 915 and z.
15
Suppose 4*j = -4*l - 0*l + 500, -l + 101 = -5*j. Suppose q + 3*g - 529 = -l, 0 = 4*g. Calculate the highest common divisor of q and 51.
51
Let u(m) = -2*m + 6. Let w(x) = -x**3 + 33*x**2 - 4. Let y be w(33). Let p be u(y). Calculate the highest common divisor of 14 and p.
14
Suppose 4*x - 61 = 63. Let o = x - 1. Let i(s) = 6*s. Let h be i(15). Calculate the greatest common factor of o and h.
30
Let z = 259 - 456. Let b = z - -217. Calculate the greatest common divisor of b and 300.
20
Let d = 163455 - 111471. What is the greatest common factor of d and 16?
16
Let o(f) = -f**2 - 10*f - 14. Let i be o(-6). Let q(d) = -d - 44. Let v be q(i). Let a = 86 + v. Calculate the highest common factor of a and 24.
8
Let t be 1242/(-1035)*369/2*(-95)/3. What is the greatest common divisor of 38 and t?
19
Suppose -2*d - d - 5*h = -31, 9*d - 107 = -h. Calculate the greatest common divisor of 11112 and d.
12
Suppose 17474 = -18*s + 27*s - 18373. Calculate the highest common factor of 7 and s.
7
Let h(o) = -6*o**3 - 2*o**2 - 4*o + 54. Let d be h(0). Let t be ((-3)/6)/(1/(-162)). What is the greatest common factor of d and t?
27
Suppose -7*v + 178 + 382 = 0. Suppose 0 = 3*x + v - 239. Suppose 2*d - 103 = -x. What is the highest common factor of 200 and d?
25
Let d(x) = -34*x - 605. Let n be d(-21). What is the highest common factor of 981 and n?
109
Let v = 84 + -61. Suppose -k + 0*k + 2*w - 54 = 0, -5*k = 4*w + 200. Let s = k + 297. Calculate the highest common factor of v and s.
23
Suppose -1682 = -5*o - 2*f, -833*f - 1339 = -4*o - 828*f. What is the greatest common divisor of o and 7952?
112
Suppose -14*l = -22*l - 368. Let j = -37 - l. Calculate the greatest common divisor of j and 36.
9
Let b be ((-191)/5 - -1)*(-560)/42. Let l = -272 + b. Suppose -l = -6*z 